{"id":149,"date":"2018-05-22T15:58:34","date_gmt":"2018-05-22T13:58:34","guid":{"rendered":"https:\/\/sylviekiesel.be\/?page_id=149"},"modified":"2022-03-08T00:49:05","modified_gmt":"2022-03-07T23:49:05","slug":"massotherapie-le-massage-somato-emotionnel","status":"publish","type":"page","link":"https:\/\/sylviekiesel.be\/index.php\/massotherapie-le-massage-somato-emotionnel\/","title":{"rendered":"Massoth\u00e9rapie"},"content":{"rendered":"\t\t<div data-elementor-type=\"wp-post\" data-elementor-id=\"149\" class=\"elementor elementor-149\">\n\t\t\t\t\t\t<section class=\"elementor-section elementor-top-section elementor-element elementor-element-716f2477 elementor-section-height-min-height elementor-section-stretched elementor-section-boxed elementor-section-height-default elementor-section-items-middle\" data-id=\"716f2477\" data-element_type=\"section\" data-settings=\"{&quot;background_background&quot;:&quot;classic&quot;,&quot;stretch_section&quot;:&quot;section-stretched&quot;}\">\n\t\t\t\t\t\t\t<div class=\"elementor-background-overlay\"><\/div>\n\t\t\t\t\t\t\t<div class=\"elementor-container elementor-column-gap-default\">\n\t\t\t\t\t<div class=\"elementor-column elementor-col-100 elementor-top-column elementor-element elementor-element-24e50ad1\" data-id=\"24e50ad1\" data-element_type=\"column\">\n\t\t\t<div class=\"elementor-widget-wrap elementor-element-populated\">\n\t\t\t\t\t\t<div class=\"elementor-element elementor-element-4d0fe574 no-margin elementor-widget elementor-widget-heading\" data-id=\"4d0fe574\" data-element_type=\"widget\" data-widget_type=\"heading.default\">\n\t\t\t\t<div class=\"elementor-widget-container\">\n\t\t\t\t\t<div class=\"elementor-heading-title elementor-size-default\">Massoth\u00e9rapie <\/div>\t\t\t\t<\/div>\n\t\t\t\t<\/div>\n\t\t\t\t<div class=\"elementor-element elementor-element-15c1fa1e no-margin elementor-widget elementor-widget-heading\" data-id=\"15c1fa1e\" data-element_type=\"widget\" data-widget_type=\"heading.default\">\n\t\t\t\t<div class=\"elementor-widget-container\">\n\t\t\t\t\t<h1 class=\"elementor-heading-title elementor-size-default\">Le massage qui soigne<\/h1>\t\t\t\t<\/div>\n\t\t\t\t<\/div>\n\t\t\t\t<div class=\"elementor-element elementor-element-5206bee4 no-margin elementor-widget-divider--view-line elementor-widget elementor-widget-divider\" data-id=\"5206bee4\" data-element_type=\"widget\" data-widget_type=\"divider.default\">\n\t\t\t\t<div class=\"elementor-widget-container\">\n\t\t\t\t\t\t\t<div class=\"elementor-divider\">\n\t\t\t<span class=\"elementor-divider-separator\">\n\t\t\t\t\t\t<\/span>\n\t\t<\/div>\n\t\t\t\t\t\t<\/div>\n\t\t\t\t<\/div>\n\t\t\t\t<div class=\"elementor-element elementor-element-310feb5a elementor-hidden-phone elementor-widget elementor-widget-text-editor\" data-id=\"310feb5a\" data-element_type=\"widget\" data-widget_type=\"text-editor.default\">\n\t\t\t\t<div class=\"elementor-widget-container\">\n\t\t\t\t\t\t\t\t\t<p>Notre corps parle, notre corps a un langage. Ce que la parole ne parvient pas \u00e0 exprimer, notre corps s\u2019en charge. Le poids des mots devient le poids des maux.<\/p>\t\t\t\t\t\t\t\t<\/div>\n\t\t\t\t<\/div>\n\t\t\t\t<div class=\"elementor-element elementor-element-786b602b elementor-align-center local elementor-widget elementor-widget-button\" data-id=\"786b602b\" data-element_type=\"widget\" data-widget_type=\"button.default\">\n\t\t\t\t<div class=\"elementor-widget-container\">\n\t\t\t\t\t\t\t\t\t<div class=\"elementor-button-wrapper\">\n\t\t\t\t\t<a class=\"elementor-button elementor-button-link elementor-size-sm\" href=\"https:\/\/sylviekiesel.be\/#tarifs\">\n\t\t\t\t\t\t<span class=\"elementor-button-content-wrapper\">\n\t\t\t\t\t\t\t\t\t<span class=\"elementor-button-text\">Tarifs des soins de massoth\u00e9rapie<\/span>\n\t\t\t\t\t<\/span>\n\t\t\t\t\t<\/a>\n\t\t\t\t<\/div>\n\t\t\t\t\t\t\t\t<\/div>\n\t\t\t\t<\/div>\n\t\t\t\t\t<\/div>\n\t\t<\/div>\n\t\t\t\t\t<\/div>\n\t\t<\/section>\n\t\t\t\t<section class=\"elementor-section elementor-top-section elementor-element elementor-element-45a58804 elementor-section-stretched elementor-section-boxed elementor-section-height-default elementor-section-height-default\" data-id=\"45a58804\" data-element_type=\"section\" id=\"services\" data-settings=\"{&quot;stretch_section&quot;:&quot;section-stretched&quot;}\">\n\t\t\t\t\t\t<div class=\"elementor-container elementor-column-gap-default\">\n\t\t\t\t\t<div class=\"elementor-column elementor-col-100 elementor-top-column elementor-element elementor-element-36e0c830\" data-id=\"36e0c830\" data-element_type=\"column\">\n\t\t\t<div class=\"elementor-widget-wrap elementor-element-populated\">\n\t\t\t\t\t\t<div class=\"elementor-element elementor-element-5e0c5b10 no-margin elementor-widget elementor-widget-heading\" data-id=\"5e0c5b10\" data-element_type=\"widget\" data-widget_type=\"heading.default\">\n\t\t\t\t<div class=\"elementor-widget-container\">\n\t\t\t\t\t<h2 class=\"elementor-heading-title elementor-size-default\">Massoth\u00e9rapie : le massage somato-\u00e9motionnel <\/h2>\t\t\t\t<\/div>\n\t\t\t\t<\/div>\n\t\t\t\t<div class=\"elementor-element elementor-element-140f53d6 no-margin elementor-widget-divider--view-line elementor-widget elementor-widget-divider\" data-id=\"140f53d6\" data-element_type=\"widget\" data-widget_type=\"divider.default\">\n\t\t\t\t<div class=\"elementor-widget-container\">\n\t\t\t\t\t\t\t<div class=\"elementor-divider\">\n\t\t\t<span class=\"elementor-divider-separator\">\n\t\t\t\t\t\t<\/span>\n\t\t<\/div>\n\t\t\t\t\t\t<\/div>\n\t\t\t\t<\/div>\n\t\t\t\t<div class=\"elementor-element elementor-element-6f36f2e3 elementor-widget elementor-widget-text-editor\" data-id=\"6f36f2e3\" data-element_type=\"widget\" data-widget_type=\"text-editor.default\">\n\t\t\t\t<div class=\"elementor-widget-container\">\n\t\t\t\t\t\t\t\t\t<p>La <strong>massoth\u00e9rapie<\/strong> permet de r\u00e9duire les effets\u00a0 ravageurs du <strong>stress<\/strong>, gr\u00e2ce \u00e0 des techniques de manipulation manuelle. Elle r\u00e9duit consid\u00e9rablement les probl\u00e8mes li\u00e9s au <strong>burn-out<\/strong>, au <strong>manque d\u2019estime de soi<\/strong> ou encore \u00e0 l\u2019<strong>\u00e9puisement \u00e9motionnel<\/strong>\u2026 Qu\u2019elle soit pratiqu\u00e9e pour vous procurer un simple moment de d\u00e9tente ou dans un but th\u00e9rapeutique, la <strong>massoth\u00e9rapie<\/strong> rend possible l\u2019\u00e9veil \u00e0 une conscience psychocorporelle. Gr\u00e2ce au <strong>l\u00e2cher prise<\/strong>, elle am\u00e9liorera la circulation sanguine et lymphatique, l\u2019assimilation et la digestion des aliments ainsi que le bon fonctionnement des organes vitaux.<\/p><h3><span style=\"font-weight: normal;\">Gestion du stress\u00a0: tout ce qui ne s\u2019exprime pas, s\u2019imprime.<\/span><\/h3><p>En effet, vos douleurs r\u00e9currentes d\u2019aujourd\u2019hui peuvent provenir de traumatismes li\u00e9s \u00e0 l\u2019enfance, d\u2019accidents corporels trait\u00e9s physiologiquement mais desquels le corps garde un passif psychologique parfois difficile \u00e0 verbaliser. Le corps humain est lui aussi dot\u00e9 d\u2019une m\u00e9moire \u00e9motionnelle gr\u00e2ce \u00e0 la massoth\u00e9rapie, la <strong>gestion du stress<\/strong> devient plus abordable.<\/p><h3><span style=\"font-weight: normal;\">Le l\u00e2cher prise\u00a0: pour \u00eatre efficace, il faut traiter la cause du probl\u00e8me.\u00a0<\/span><\/h3>\t\t\t\t\t\t\t\t<\/div>\n\t\t\t\t<\/div>\n\t\t\t\t\t<\/div>\n\t\t<\/div>\n\t\t\t\t\t<\/div>\n\t\t<\/section>\n\t\t\t\t<section class=\"elementor-section elementor-top-section elementor-element elementor-element-726e25f9 elementor-section-stretched elementor-section-boxed elementor-section-height-default elementor-section-height-default\" data-id=\"726e25f9\" data-element_type=\"section\" data-settings=\"{&quot;background_background&quot;:&quot;classic&quot;,&quot;stretch_section&quot;:&quot;section-stretched&quot;,&quot;shape_divider_top&quot;:&quot;curve-asymmetrical&quot;}\">\n\t\t\t\t\t<div class=\"elementor-shape elementor-shape-top\" aria-hidden=\"true\" data-negative=\"false\">\n\t\t\t<svg xmlns=\"http:\/\/www.w3.org\/2000\/svg\" viewBox=\"0 0 1000 100\" preserveAspectRatio=\"none\">\n\t<path class=\"elementor-shape-fill\" d=\"M0,0c0,0,0,6,0,6.7c0,18,240.2,93.6,615.2,92.6C989.8,98.5,1000,25,1000,6.7c0-0.7,0-6.7,0-6.7H0z\"\/>\n<\/svg>\t\t<\/div>\n\t\t\t\t\t<div class=\"elementor-container elementor-column-gap-default\">\n\t\t\t\t\t<div class=\"elementor-column elementor-col-50 elementor-top-column elementor-element elementor-element-72781783\" data-id=\"72781783\" data-element_type=\"column\">\n\t\t\t<div class=\"elementor-widget-wrap elementor-element-populated\">\n\t\t\t\t\t\t<div class=\"elementor-element elementor-element-6a2c519e elementor-hidden-tablet elementor-hidden-phone elementor-widget elementor-widget-image\" data-id=\"6a2c519e\" data-element_type=\"widget\" data-widget_type=\"image.default\">\n\t\t\t\t<div class=\"elementor-widget-container\">\n\t\t\t\t\t\t\t\t\t\t\t\t\t\t\t<img fetchpriority=\"high\" decoding=\"async\" width=\"467\" height=\"652\" src=\"https:\/\/sylviekiesel.be\/wp-content\/uploads\/2018\/05\/massoth\u00e9rapie.jpg\" class=\"attachment-full size-full wp-image-458\" alt=\"massoth\u00e9rapie : le massage somato-\u00e9motionnel\" srcset=\"https:\/\/sylviekiesel.be\/wp-content\/uploads\/2018\/05\/massoth\u00e9rapie.jpg 467w, https:\/\/sylviekiesel.be\/wp-content\/uploads\/2018\/05\/massoth\u00e9rapie-215x300.jpg 215w\" sizes=\"(max-width: 467px) 100vw, 467px\" \/>\t\t\t\t\t\t\t\t\t\t\t\t\t\t\t<\/div>\n\t\t\t\t<\/div>\n\t\t\t\t\t<\/div>\n\t\t<\/div>\n\t\t\t\t<div class=\"elementor-column elementor-col-50 elementor-top-column elementor-element elementor-element-513d29cd\" data-id=\"513d29cd\" data-element_type=\"column\">\n\t\t\t<div class=\"elementor-widget-wrap elementor-element-populated\">\n\t\t\t\t\t\t<div class=\"elementor-element elementor-element-58aa40c5 elementor-widget elementor-widget-text-editor\" data-id=\"58aa40c5\" data-element_type=\"widget\" data-widget_type=\"text-editor.default\">\n\t\t\t\t<div class=\"elementor-widget-container\">\n\t\t\t\t\t\t\t\t\t<p>Le<strong> burn out, l\u2019\u00e9puisement \u00e9motionnel ou encore le stress<\/strong> sont souvent les signes de probl\u00e8mes plus profonds. Par cons\u00e9quent, votre corps compense les difficult\u00e9s qu\u2019il rencontre afin de les r\u00e9soudre. Si vous ne comprenez pas ces avertissements et ne d\u00e9cidez pas de r\u00e9soudre ces probl\u00e8mes, vous allez accumuler le mal et les difficult\u00e9s rencontr\u00e9es seront de plus en plus fortes.<\/p><p>L\u2019<a href=\"https:\/\/sylviekiesel.be\/index.php\/massages-therapeutiques-pour-lacher-prise\/\" target=\"_blank\" rel=\"noopener\">approche somato-\u00e9motionnelle (relation entre le corps et les \u00e9motions)<\/a>\u00a0vous permettra de vous d\u00e9charger petit \u00e0 petit de cette m\u00e9moire \u00e9motionnelle n\u00e9gative (col\u00e8re, jalousie, haine, peurs\u2026) imprim\u00e9e au cours de votre existence.<\/p><p><a style=\"font-size: 14px; background-color: #f9f9f9;\" href=\"https:\/\/sylviekiesel.be\/index.php\/lhistoire-de-votre-massotherapeute\/\" target=\"_blank\" rel=\"noopener\">Je suis \u00ab\u00a0l\u2019instrument\u00a0\u00bb qui vous permettra de vous lib\u00e9rer. Seul votre corps \u00e0 le pouvoir de d\u00e9cider ce qu\u2019il doit \u00e9vacuer. <\/a>Mon\u00a0approche n\u2019est pas intrusive.<\/p><p>Pour combattre le stress et<strong> l\u2019\u00e9puisement \u00e9motionnel,<\/strong> votre corps sait comment il doit faire pour se \u00ab\u00a0d\u00e9nouer\u00a0\u00bb afin de retrouver la s\u00e9r\u00e9nit\u00e9 d\u2019avant le choc \u00e9motionnel (mal g\u00e9r\u00e9). Il connait de mani\u00e8re clairvoyante le chemin de la lib\u00e9ration, vous avez, d\u00e8s lors, besoin d\u2019un interm\u00e9diaire pour lui ouvrir la voie. Je vous guiderai pour <strong>l\u00e2cher prise<\/strong> et vous permettre notamment de r\u00e9duire les diff\u00e9rents maux.<\/p><p>La <strong>massoth\u00e9rapie<\/strong> vous aidera \u00e0 retourner vers ses moments difficiles qui parasitent vos actes au quotidien et petite \u00e0 petit vous lib\u00e8rera. Il est difficile de combattre seul les automatismes qui vous ont construit pendant des ann\u00e9es, qui ont dirig\u00e9 vos \u00e9motions, vos r\u00e9actions et vos relations.<\/p>\t\t\t\t\t\t\t\t<\/div>\n\t\t\t\t<\/div>\n\t\t\t\t\t<\/div>\n\t\t<\/div>\n\t\t\t\t\t<\/div>\n\t\t<\/section>\n\t\t\t\t<section class=\"elementor-section elementor-top-section elementor-element elementor-element-33a1ef9 elementor-section-stretched elementor-section-boxed elementor-section-height-default elementor-section-height-default\" data-id=\"33a1ef9\" data-element_type=\"section\" data-settings=\"{&quot;stretch_section&quot;:&quot;section-stretched&quot;,&quot;background_background&quot;:&quot;gradient&quot;,&quot;shape_divider_bottom&quot;:&quot;curve-asymmetrical&quot;}\">\n\t\t\t\t\t<div class=\"elementor-shape elementor-shape-bottom\" aria-hidden=\"true\" data-negative=\"false\">\n\t\t\t<svg xmlns=\"http:\/\/www.w3.org\/2000\/svg\" viewBox=\"0 0 1000 100\" preserveAspectRatio=\"none\">\n\t<path class=\"elementor-shape-fill\" d=\"M0,0c0,0,0,6,0,6.7c0,18,240.2,93.6,615.2,92.6C989.8,98.5,1000,25,1000,6.7c0-0.7,0-6.7,0-6.7H0z\"\/>\n<\/svg>\t\t<\/div>\n\t\t\t\t\t<div class=\"elementor-container elementor-column-gap-default\">\n\t\t\t\t\t<div class=\"elementor-column elementor-col-100 elementor-top-column elementor-element elementor-element-41da8d5\" data-id=\"41da8d5\" data-element_type=\"column\">\n\t\t\t<div class=\"elementor-widget-wrap elementor-element-populated\">\n\t\t\t\t\t\t<div class=\"elementor-element elementor-element-5cf45b4 elementor-widget elementor-widget-text-editor\" data-id=\"5cf45b4\" data-element_type=\"widget\" data-widget_type=\"text-editor.default\">\n\t\t\t\t<div class=\"elementor-widget-container\">\n\t\t\t\t\t\t\t\t\t<p>Le r\u00e9sultat est une meilleure <strong>gestion du stress<\/strong> qui vous permettra de prendre le recul n\u00e9cessaire \u00e0 la prise de d\u00e9cision face aux \u00e9v\u00e8nements susceptibles de vous replonger dans des cycles qu\u2019il peut \u00eatre difficile de briser soi-m\u00eame. La <strong>massoth\u00e9rapie <\/strong>travaille sur le <strong>manque d\u2019estime de soi<\/strong>, <strong>l\u2019\u00e9puisement \u00e9motionnel<\/strong>, <strong>la gestion du stress <\/strong>\u00a0et le <strong>burn-out<\/strong>&#8230; Je vous am\u00e8ne \u00e0 retrouver votre force int\u00e9rieure disparue.<\/p><p><strong>JE SUIS JUSTE L\u00c0 POUR VOUS ACCOMPAGNER VERS VOTRE CHEMIN DE LIBERATION&#8230;<\/strong><\/p>\t\t\t\t\t\t\t\t<\/div>\n\t\t\t\t<\/div>\n\t\t\t\t\t<\/div>\n\t\t<\/div>\n\t\t\t\t\t<\/div>\n\t\t<\/section>\n\t\t\t\t<\/div>\n\t\t","protected":false},"excerpt":{"rendered":"<p>Massoth\u00e9rapie Le massage qui soigne Notre corps parle, notre corps a un langage. Ce que la parole ne parvient pas \u00e0 exprimer, notre corps s\u2019en charge. Le poids des mots devient le poids des maux. Tarifs des soins de massoth\u00e9rapie Massoth\u00e9rapie : le massage somato-\u00e9motionnel La massoth\u00e9rapie permet de r\u00e9duire les effets\u00a0 ravageurs du stress, [&hellip;]<\/p>\n","protected":false},"author":1,"featured_media":0,"parent":0,"menu_order":0,"comment_status":"closed","ping_status":"closed","template":"","meta":{"_monsterinsights_skip_tracking":false,"_monsterinsights_sitenote_active":false,"_monsterinsights_sitenote_note":"","_monsterinsights_sitenote_category":0,"ocean_post_layout":"","ocean_both_sidebars_style":"","ocean_both_sidebars_content_width":0,"ocean_both_sidebars_sidebars_width":0,"ocean_sidebar":"0","ocean_second_sidebar":"0","ocean_disable_margins":"enable","ocean_add_body_class":"","ocean_shortcode_before_top_bar":"","ocean_shortcode_after_top_bar":"","ocean_shortcode_before_header":"","ocean_shortcode_after_header":"","ocean_has_shortcode":"","ocean_shortcode_after_title":"","ocean_shortcode_before_footer_widgets":"","ocean_shortcode_after_footer_widgets":"","ocean_shortcode_before_footer_bottom":"","ocean_shortcode_after_footer_bottom":"","ocean_display_top_bar":"default","ocean_display_header":"default","ocean_header_style":"","ocean_center_header_left_menu":"0","ocean_custom_header_template":"0","ocean_custom_logo":0,"ocean_custom_retina_logo":0,"ocean_custom_logo_max_width":0,"ocean_custom_logo_tablet_max_width":0,"ocean_custom_logo_mobile_max_width":0,"ocean_custom_logo_max_height":0,"ocean_custom_logo_tablet_max_height":0,"ocean_custom_logo_mobile_max_height":0,"ocean_header_custom_menu":"0","ocean_menu_typo_font_family":"0","ocean_menu_typo_font_subset":"","ocean_menu_typo_font_size":0,"ocean_menu_typo_font_size_tablet":0,"ocean_menu_typo_font_size_mobile":0,"ocean_menu_typo_font_size_unit":"px","ocean_menu_typo_font_weight":"","ocean_menu_typo_font_weight_tablet":"","ocean_menu_typo_font_weight_mobile":"","ocean_menu_typo_transform":"","ocean_menu_typo_transform_tablet":"","ocean_menu_typo_transform_mobile":"","ocean_menu_typo_line_height":0,"ocean_menu_typo_line_height_tablet":0,"ocean_menu_typo_line_height_mobile":0,"ocean_menu_typo_line_height_unit":"","ocean_menu_typo_spacing":0,"ocean_menu_typo_spacing_tablet":0,"ocean_menu_typo_spacing_mobile":0,"ocean_menu_typo_spacing_unit":"","ocean_menu_link_color":"","ocean_menu_link_color_hover":"","ocean_menu_link_color_active":"","ocean_menu_link_background":"","ocean_menu_link_hover_background":"","ocean_menu_link_active_background":"","ocean_menu_social_links_bg":"","ocean_menu_social_hover_links_bg":"","ocean_menu_social_links_color":"","ocean_menu_social_hover_links_color":"","ocean_disable_title":"default","ocean_disable_heading":"on","ocean_post_title":"","ocean_post_subheading":"","ocean_post_title_style":"","ocean_post_title_background_color":"","ocean_post_title_background":0,"ocean_post_title_bg_image_position":"","ocean_post_title_bg_image_attachment":"","ocean_post_title_bg_image_repeat":"","ocean_post_title_bg_image_size":"","ocean_post_title_height":0,"ocean_post_title_bg_overlay":0.5,"ocean_post_title_bg_overlay_color":"","ocean_disable_breadcrumbs":"off","ocean_breadcrumbs_color":"","ocean_breadcrumbs_separator_color":"","ocean_breadcrumbs_links_color":"","ocean_breadcrumbs_links_hover_color":"","ocean_display_footer_widgets":"default","ocean_display_footer_bottom":"default","ocean_custom_footer_template":"0","footnotes":""},"class_list":["post-149","page","type-page","status-publish","hentry","entry"],"yoast_head":"<!-- This site is optimized with the Yoast SEO plugin v27.3 - https:\/\/yoast.com\/product\/yoast-seo-wordpress\/ -->\n<title>Massoth\u00e9rapie : le massage qui soigne le corps et l&#039;esprit<\/title>\n<meta name=\"description\" content=\"Massoth\u00e9rapie rend possible l&#039;\u00e9veil \u00e0 une conscience psychocorporelle avec le l\u00e2cher prise. D\u00e9couvrez le massage somato-\u00e9motionel avec Sylvie Kiesel !\" \/>\n<meta name=\"robots\" content=\"index, follow, max-snippet:-1, max-image-preview:large, max-video-preview:-1\" \/>\n<link rel=\"canonical\" href=\"https:\/\/sylviekiesel.be\/index.php\/massotherapie-le-massage-somato-emotionnel\/\" \/>\n<meta property=\"og:locale\" content=\"fr_FR\" \/>\n<meta property=\"og:type\" content=\"article\" \/>\n<meta property=\"og:title\" content=\"Massoth\u00e9rapie : le massage qui soigne le corps et l&#039;esprit\" \/>\n<meta property=\"og:description\" content=\"Massoth\u00e9rapie rend possible l&#039;\u00e9veil \u00e0 une conscience psychocorporelle avec le l\u00e2cher prise. D\u00e9couvrez le massage somato-\u00e9motionel avec Sylvie Kiesel !\" \/>\n<meta property=\"og:url\" content=\"https:\/\/sylviekiesel.be\/index.php\/massotherapie-le-massage-somato-emotionnel\/\" \/>\n<meta property=\"og:site_name\" content=\"Sylvie Kiesel\" \/>\n<meta property=\"article:modified_time\" content=\"2022-03-07T23:49:05+00:00\" \/>\n<meta property=\"og:image\" content=\"https:\/\/sylviekiesel.be\/wp-content\/uploads\/2018\/05\/massoth\u00e9rapie.jpg\" \/>\n<meta name=\"twitter:card\" content=\"summary_large_image\" \/>\n<meta name=\"twitter:label1\" content=\"Dur\u00e9e de lecture estim\u00e9e\" \/>\n\t<meta name=\"twitter:data1\" content=\"3 minutes\" \/>\n<script type=\"application\/ld+json\" class=\"yoast-schema-graph\">{\"@context\":\"https:\\\/\\\/schema.org\",\"@graph\":[{\"@type\":\"WebPage\",\"@id\":\"https:\\\/\\\/sylviekiesel.be\\\/index.php\\\/massotherapie-le-massage-somato-emotionnel\\\/\",\"url\":\"https:\\\/\\\/sylviekiesel.be\\\/index.php\\\/massotherapie-le-massage-somato-emotionnel\\\/\",\"name\":\"Massoth\u00e9rapie : le massage qui soigne le corps et l'esprit\",\"isPartOf\":{\"@id\":\"https:\\\/\\\/sylviekiesel.be\\\/#website\"},\"datePublished\":\"2018-05-22T13:58:34+00:00\",\"dateModified\":\"2022-03-07T23:49:05+00:00\",\"description\":\"Massoth\u00e9rapie rend possible l'\u00e9veil \u00e0 une conscience psychocorporelle avec le l\u00e2cher prise. D\u00e9couvrez le massage somato-\u00e9motionel avec Sylvie Kiesel !\",\"breadcrumb\":{\"@id\":\"https:\\\/\\\/sylviekiesel.be\\\/index.php\\\/massotherapie-le-massage-somato-emotionnel\\\/#breadcrumb\"},\"inLanguage\":\"fr-FR\",\"potentialAction\":[{\"@type\":\"ReadAction\",\"target\":[\"https:\\\/\\\/sylviekiesel.be\\\/index.php\\\/massotherapie-le-massage-somato-emotionnel\\\/\"]}]},{\"@type\":\"BreadcrumbList\",\"@id\":\"https:\\\/\\\/sylviekiesel.be\\\/index.php\\\/massotherapie-le-massage-somato-emotionnel\\\/#breadcrumb\",\"itemListElement\":[{\"@type\":\"ListItem\",\"position\":1,\"name\":\"Accueil\",\"item\":\"https:\\\/\\\/sylviekiesel.be\\\/\"},{\"@type\":\"ListItem\",\"position\":2,\"name\":\"Massoth\u00e9rapie\"}]},{\"@type\":\"WebSite\",\"@id\":\"https:\\\/\\\/sylviekiesel.be\\\/#website\",\"url\":\"https:\\\/\\\/sylviekiesel.be\\\/\",\"name\":\"Sylvie Kiesel\",\"description\":\"Massoth\u00e9rapeute\",\"potentialAction\":[{\"@type\":\"SearchAction\",\"target\":{\"@type\":\"EntryPoint\",\"urlTemplate\":\"https:\\\/\\\/sylviekiesel.be\\\/?s={search_term_string}\"},\"query-input\":{\"@type\":\"PropertyValueSpecification\",\"valueRequired\":true,\"valueName\":\"search_term_string\"}}],\"inLanguage\":\"fr-FR\"}]}<\/script>\n<!-- \/ Yoast SEO plugin. -->","yoast_head_json":{"title":"Massoth\u00e9rapie : le massage qui soigne le corps et l'esprit","description":"Massoth\u00e9rapie rend possible l'\u00e9veil \u00e0 une conscience psychocorporelle avec le l\u00e2cher prise. D\u00e9couvrez le massage somato-\u00e9motionel avec Sylvie Kiesel !","robots":{"index":"index","follow":"follow","max-snippet":"max-snippet:-1","max-image-preview":"max-image-preview:large","max-video-preview":"max-video-preview:-1"},"canonical":"https:\/\/sylviekiesel.be\/index.php\/massotherapie-le-massage-somato-emotionnel\/","og_locale":"fr_FR","og_type":"article","og_title":"Massoth\u00e9rapie : le massage qui soigne le corps et l'esprit","og_description":"Massoth\u00e9rapie rend possible l'\u00e9veil \u00e0 une conscience psychocorporelle avec le l\u00e2cher prise. D\u00e9couvrez le massage somato-\u00e9motionel avec Sylvie Kiesel !","og_url":"https:\/\/sylviekiesel.be\/index.php\/massotherapie-le-massage-somato-emotionnel\/","og_site_name":"Sylvie Kiesel","article_modified_time":"2022-03-07T23:49:05+00:00","og_image":[{"url":"https:\/\/sylviekiesel.be\/wp-content\/uploads\/2018\/05\/massoth\u00e9rapie.jpg","type":"","width":"","height":""}],"twitter_card":"summary_large_image","twitter_misc":{"Dur\u00e9e de lecture estim\u00e9e":"3 minutes"},"schema":{"@context":"https:\/\/schema.org","@graph":[{"@type":"WebPage","@id":"https:\/\/sylviekiesel.be\/index.php\/massotherapie-le-massage-somato-emotionnel\/","url":"https:\/\/sylviekiesel.be\/index.php\/massotherapie-le-massage-somato-emotionnel\/","name":"Massoth\u00e9rapie : le massage qui soigne le corps et l'esprit","isPartOf":{"@id":"https:\/\/sylviekiesel.be\/#website"},"datePublished":"2018-05-22T13:58:34+00:00","dateModified":"2022-03-07T23:49:05+00:00","description":"Massoth\u00e9rapie rend possible l'\u00e9veil \u00e0 une conscience psychocorporelle avec le l\u00e2cher prise. D\u00e9couvrez le massage somato-\u00e9motionel avec Sylvie Kiesel !","breadcrumb":{"@id":"https:\/\/sylviekiesel.be\/index.php\/massotherapie-le-massage-somato-emotionnel\/#breadcrumb"},"inLanguage":"fr-FR","potentialAction":[{"@type":"ReadAction","target":["https:\/\/sylviekiesel.be\/index.php\/massotherapie-le-massage-somato-emotionnel\/"]}]},{"@type":"BreadcrumbList","@id":"https:\/\/sylviekiesel.be\/index.php\/massotherapie-le-massage-somato-emotionnel\/#breadcrumb","itemListElement":[{"@type":"ListItem","position":1,"name":"Accueil","item":"https:\/\/sylviekiesel.be\/"},{"@type":"ListItem","position":2,"name":"Massoth\u00e9rapie"}]},{"@type":"WebSite","@id":"https:\/\/sylviekiesel.be\/#website","url":"https:\/\/sylviekiesel.be\/","name":"Sylvie Kiesel","description":"Massoth\u00e9rapeute","potentialAction":[{"@type":"SearchAction","target":{"@type":"EntryPoint","urlTemplate":"https:\/\/sylviekiesel.be\/?s={search_term_string}"},"query-input":{"@type":"PropertyValueSpecification","valueRequired":true,"valueName":"search_term_string"}}],"inLanguage":"fr-FR"}]}},"_links":{"self":[{"href":"https:\/\/sylviekiesel.be\/index.php\/wp-json\/wp\/v2\/pages\/149","targetHints":{"allow":["GET"]}}],"collection":[{"href":"https:\/\/sylviekiesel.be\/index.php\/wp-json\/wp\/v2\/pages"}],"about":[{"href":"https:\/\/sylviekiesel.be\/index.php\/wp-json\/wp\/v2\/types\/page"}],"author":[{"embeddable":true,"href":"https:\/\/sylviekiesel.be\/index.php\/wp-json\/wp\/v2\/users\/1"}],"replies":[{"embeddable":true,"href":"https:\/\/sylviekiesel.be\/index.php\/wp-json\/wp\/v2\/comments?post=149"}],"version-history":[{"count":64,"href":"https:\/\/sylviekiesel.be\/index.php\/wp-json\/wp\/v2\/pages\/149\/revisions"}],"predecessor-version":[{"id":2421,"href":"https:\/\/sylviekiesel.be\/index.php\/wp-json\/wp\/v2\/pages\/149\/revisions\/2421"}],"wp:attachment":[{"href":"https:\/\/sylviekiesel.be\/index.php\/wp-json\/wp\/v2\/media?parent=149"}],"curies":[{"name":"wp","href":"https:\/\/api.w.org\/{rel}","templated":true}]}}